01203112
In base 14, what is 5 + -2bb95d?
-2bb958
In base 12, what is 233125 - -5?
23312a
In base 6, what is 5344535 + 43?
5345022
In base 10, what is -17655130 + 7?
-17655123
In base 6, what is -431513 + -4120?
-440033
In base 8, what is -730 + -604004?
-604734
In base 3, what is 1011020111 - -12010?
1011102121
In base 9, what is -4 - 43014668?
-43014673
In base 6, what is 11005 + 1403?
12412
In base 2, what is -100011010100100000001 + -110100?
-100011010100100110101
In base 5, what is 210321021 - 11?
210321010
In base 9, what is 2175 + 5?
2181
In base 4, what is 3 - 21212313322?
-21212313313
In base 15, what is 53a778 - -2?
53a77a
In base 16, what is 207 - 190a?
-1703
In base 11, what is -3 - 1334351?
-1334354
In base 9, what is 10883578 + 3?
10883582
In base 7, what is -254416 - 4602?
-262321
In base 7, what is 146322 + 24164?
203516
In base 3, what is -10210 + -1022001221200?
-1022002002110
In base 3, what is 2021012011110022211 - -12?
2021012011110100000
In base 6, what is -1 - -531132102?
531132101
In base 9, what is 17 + -24782145?
-24782127
In base 2, what is 100011011 + 10111011010100?
10111111101111
In base 8, what is -43016 - 5512?
-50530
In base 13, what is -1500256 - -20?
-1500236
In base 14, what is 4317473 - -2?
4317475
In base 4, what is 23332131220 + -2?
23332131212
In base 6, what is 50005412155 + -3?
50005412152
In base 12, what is 3 - -6393b6?
6393b9
In base 3, what is 0 + -22210002101122?
-22210002101122
In base 11, what is -749257 + -9?
-749265
In base 12, what is -24a2 - 15b?
-2641
In base 16, what is -d - a007d2?
-a007df
In base 13, what is -5c28 - 490?
-63b8
In base 3, what is 2100 - 222002220?
-222000120
In base 15, what is 435c - 45?
4317
In base 3, what is 11201210020212 + -121?
11201210020021
In base 5, what is -31143400 - 421?
-31144321
In base 2, what is 11101111010011010111101111 - 0?
11101111010011010111101111
In base 2, what is -101000111111000100111101 - 10?
-101000111111000100111111
In base 14, what is -bad2a9 - -7?
-bad2a2
In base 16, what is 6 - 5221225?
-522121f
In base 5, what is 110224 - 3224222?
-3113443
In base 2, what is -10001101 - -1000110101011111010?
1000110101001101101
In base 3, what is 1 + -102201120010110?
-102201120010102
In base 13, what is -1 + -a388c36?
-a388c37
In base 9, what is -2 - 22832377?
-22832380
In base 10, what is 108 + 7343727?
7343835
In base 11, what is 2978648 - 3?
2978645
In base 7, what is 62012465 - 2?
62012463
In base 10, what is -4917223 - 11?
-4917234
In base 15, what is 1dda4 + -11?
1dd93
In base 6, what is -4 - -1424244414?
1424244410
In base 7, what is -1 + 2303366500?
2303366466
In base 12, what is 26b48582 + -3?
26b4857b
In base 9, what is 3 - 1171508?
-1171505
In base 13, what is -4 - 65958a?
-659591
In base 11, what is -647835a + 1?
-6478359
In base 3, what is -1120120101200102020 - 10?
-1120120101200102100
In base 12, what is 1872 - -93?
1945
In base 7, what is 11 - 510650?
-510636
In base 6, what is 5454 + 2125?
12023
In base 8, what is 260004 - -1505?
261511
In base 3, what is -12 + -20121101121010?
-20121101121022
In base 3, what is -210100220122120 - -20?
-210100220122100
In base 4, what is -310 - 3302310201?
-3302311111
In base 2, what is 101100101100001101100 + 1011?
101100101100001110111
In base 8, what is -72663524 + 2?
-72663522
In base 8, what is 5 + 70575155?
70575162
In base 6, what is 35241030 + 23?
35241053
In base 8, what is -2351 + -562071?
-564442
In base 5, what is 3034 - 132010?
-123421
In base 9, what is 24 + -2678464?
-2678440
In base 10, what is -13954799 + 16?
-13954783
In base 15, what is -71 - 91a9?
-922a
In base 14, what is -1 + 393c10?
393c0d
In base 7, what is 4 + -102640214?
-102640210
In base 8, what is 1060 - 2665720?
-2664640
In base 4, what is -2031 - -122211320211?
122211312120
In base 5, what is -203322 - -3143031?
2434204
In base 10, what is -9 - -31609868?
31609859
In base 2, what is -11010011011 - 11001101101100011?
-11010000111111110
In base 15, what is -1b95 + 531a?
3675
In base 10, what is 2 - -3327148?
3327150
In base 12, what is -226512 + 10?
-226502
In base 5, what is 22012034434 + -3?
22012034431
In base 16, what is 2a06a1 - e4?
2a05bd
In base 3, what is -1201010120102 - 12?
-1201010120121
In base 4, what is 233211301 - 1310221?
231301020
In base 3, what is -11222100022 + -212?
-11222101011
In base 5, what is -414 - -2312344334?
2312343420
In base 11, what is a090996 + -1?
a090995
In base 5, what is 11204 - 214242?
-203033
In base 11, what is 80 + 13703?
13783
In base 5, what is -1034031114 + -10?
-1034031124
In base 10, what is 16600717 + 4?
16600721
In base 13, what is 500bb - -b?
500c9
In base 6, what is 250111005 + -12?
250110553
In base 8, what is 24401 + -2344?
22035
In base 9, what is -224150 + -2564?
-226724
In base 8, what is 2670212 + 5?
2670217
In base 10, what is 32058347 - -2?
32058349
In base 5, what is 10300 - 131431?
-121131
In base 15, what is -9c32b81 - 5?
-9c32b86
In base 3, what is 1022100212 - 10211?
1022020001
In base 3, what is 1102122012110 - 10001?
1102122002102
In base 14, what is -123b + -39b?
-15d8
In base 8, what is 5577 + 1114315?
1122114
In base 7, what is 112 - -352?
464
In base 10, what is 13293439 + 62?
13293501
In base 16, what is -ec8 + -1c4?
-108c
In base 3, what is 11021110111022 - -10?
11021110111102
In base 13, what is 1202c - c3?
11c39
In base 14, what is 1d6 + -3b3a0?
-3b1a8
In base 16, what is 5 - 1567a0?
-15679b
In base 8, what is 1351526 - 21?
1351505
In base 15, what is 1c2ba60 - -2?
1c2ba62
In base 3, what is -12 - 2122012200220?
-2122012201002
In base 12, what is -10b47a3 - -136?
-10b4669
In base 9, what is -424 - -1081670?
1081245
In base 3, what is 21001121211010 - 12?
21001121210221
In base 9, what is -11380 + -21356?
-32746
In base 11, what is -140 + -194826?
-194966
In base 6, what is -53124 - -51120?
-2004
In base 16, what is -3b42 + 250?
-38f2
In base 7, what is -221652651 + -1?
-221652652
In base 11, what is 49 - -a27a?
a318
In base 15, what is -4a - -8308e?
83044
In base 9, what is -33455784 - 23?
-33455817
In base 2, what is 1001011001111 + -1000101000000001?
-111011100110010
In base 13, what is 1 + 17c9506?
17c9507
In base 5, what is -10 - -21344442?
21344432
In base 11, what is -a6 + -220a74?
-22106a
In base 12, what is -10 + -773a4?
-773b4
In base 15, what is -461884 - -40?
-461844
In base 11, what is 20a065a7 + 3?
20a065aa
In base 8, what is 335 - 21774460?
-21774123
In base 5, what is 11 + 312422420?
312422431
In base 10, what is 4 + 745556?
745560
In base 8, what is 2 + -135154227?
-135154225
In base 7, what is -46466 + -6261?
-56060
In base 4, what is -131023 - -3001130?
2210101
In base 2, what is 1110110010010101100011110010 - -100?
1110110010010101100011110110
In base 2, what is 1000 + 100010100100100110?
100010100100101110
In base 7, what is -13 + 222053042?
222053026
In base 6, what is 124551543 - 2?
124551541
In base 7, what is 12360564 + 503?
12361400
In base 15, what is -13d64 + -a?
-13d6e
In base 11, what is 6 - -67452920?
67452926
In base 6, what is 10040203252 + 2?
10040203254
In base 8, what is -5 + -133311355?
-133311362
In base 6, what is -3335000240 + 1?
-3335000235
In base 7, what is -52 + 5504153?
5504101
In base 5, what is -1 - -114413324121?
114413324120
In base 8, what is 23063 - 411?
22452
In base 12, what is 2 + -84159a9?
-84159a7
In base 13, what is 4374 + 17a4?
5b48
In base 13, what is 2 + 29129a?
29129c
In base 10, what is -93832648 + -5?
-93832653
In base 2, what is -1011 - -1100110011100110001011?
1100110011100110000000
In base 16, what is -3 - -17d458?
17d455
In base 5, what is -2433 - 11213034?
-11221022
In base 13, what is -222 + -480286?
-4804a8
In base 11, what is -a368368 - 2?
-a36836a
In base 12, what is -1582283 - -6?
-1582279
In base 7, what is -13051 - -114066?
101015
In base 10, what is 4 + -2747835?
-2747831
In base 9, what is 40812505 + 2?
40812507
In base 14, what is -171 - -19489?
19318
In base 14, what is -917503 + -5?
-917508
In base 13, what is -1 - -3268346b?
3268346a
In base 12, what is 5646 - -14761?
1a1a7
In base 5, what is 13122023 - -41?
13122114
In base 14, what is 10c27a + -a?
10c270
In base 15, what is 20 + -c407b3?
-c40793
In base 11, what is 261043 + -1697?
25a457
In base 6, what is 1001 - -10